the highest common factor of q and 9?
3
Let l(m) = -m**3 + 9*m**2 + 2*m - 2. Let q be l(9). Calculate the highest common divisor of 4 and q.
4
Suppose -u - 2*u = -48. Calculate the greatest common factor of 40 and u.
8
Let a = 13 - 23. Let p be (-2)/a - 18/(-10). Suppose 6*t - p*t = 196. Calculate the greatest common divisor of t and 7.
7
Suppose -3*t + 3*q + q + 866 = 0, 5*t = 3*q + 1458. Calculate the greatest common divisor of t and 42.
42
Let z(y) = 2*y - 4*y + y**2 + y + 5*y - 2. Let n be z(-5). What is the highest common factor of 1 and n?
1
Let t(j) = 2*j + 1. Let u(w) be the second derivative of w**3/6 - w**2/2 - 2*w. Let z be u(3). Let m be t(z). What is the greatest common factor of m and 5?
5
Let s = -20 - -32. What is the highest common divisor of s and 108?
12
Let n(a) = 22*a**2 - a + 1. Let z be n(1). Calculate the greatest common divisor of z and 22.
22
Let j be (-2 - (-10)/(-4))*-2. Suppose 18 = 3*h - 2*h. Calculate the highest common factor of j and h.
9
Let u = -213 - -325. Calculate the greatest common divisor of 32 and u.
16
Suppose -126 - 44 = b. Let a(f) = -18*f**2 - 2*f + 2. Let n be a(2). Let w = n - b. What is the greatest common divisor of 12 and w?
12
Suppose -6*a + 352 = 5*a. Let p be 97/2 - (-1)/(-2). Calculate the greatest common divisor of p and a.
16
Let f be -2*(0 + -3 - -1). Suppose 180 = 2*o - 5*c, -52 = -2*o + f*c + 132. What is the highest common divisor of 20 and o?
20
Let u = 4 - 2. Suppose 4*m - 2*q = u*m + 16, -5*m + 40 = 2*q. What is the greatest common divisor of m and 12?
4
Let y be 1/(-3)*(5 + 0 + -65). What is the highest common divisor of y and 10?
10
Let l be (5 - 5) + 1/((-1)/(-2)). Let b(n) = n**2 + n + 2. Let d be b(4). What is the highest common divisor of l and d?
2
Let m(j) = 3*j**2 - 2*j + 4. Let v be m(-3). Suppose 0 = 5*i - 112 + v. Calculate the highest common divisor of i and 10.
5
Suppose 0 = -5*r - 5*r + 100. What is the greatest common factor of 20 and r?
10
Let c be 2 + (3 - (-9)/6*132). Calculate the greatest common factor of c and 29.
29
Let w be -2 + 1 + -1 + 4. Suppose -w*x - 26 = -4*x. Suppose 5 + 1 = 2*i, 3*i = -o + 35. Calculate the highest common divisor of o and x.
13
Let i(p) = -p**3 - 8*p**2 - 7*p - 8. Let g be i(-8). What is the greatest common factor of g and 36?
12
Suppose 0 = 3*j - 5*o - 77, 0*o - 2*o + 30 = 2*j. Suppose -163 = -u - j. Suppose -y = k - 3*k + 32, 0 = 4*y. What is the greatest common factor of k and u?
16
Let o = 38 + -11. Let t = o - 25. Let f(q) = q + 5. Let d be f(-4). Calculate the highest common divisor of t and d.
1
Let s = -4 - -7. Suppose -2*h - s*f + 24 = -f, -2*f + 56 = 4*h. Suppose -2*a = -2, 0*a = 5*t + 4*a - 404. Calculate the highest common divisor of h and t.
16
Let p be 4*-15*6/(-9). Suppose 4*o - 10 - 16 = -l, 2*l = -4*o + p. Let d = 25 + 10. What is the highest common factor of l and d?
7
Let k(d) be the first derivative of -4*d + 3 + 7/3*d**3 - 1/4*d**4 - 2*d**2. Let l be k(6). What is the greatest common factor of 4 and l?
4
Let v(t) = 3*t**2 + 3. Let h be v(5). Suppose -w + 6*w = 130. What is the greatest common divisor of h and w?
26
Suppose -5*s = -7*s + 14. Suppose 3*t - s*t + 5*w + 665 = 0, -4*t = -2*w - 662. What is the highest common divisor of t and 66?
33
Let b = -19 + 27. Let x be (-1)/(2*1/(-4)). Let y be (x/8 + 1)*b. What is the highest common factor of 10 and y?
10
Suppose 2*m + 2*m - 2*a + 28 = 0, -5*m + 4*a = 38. Let x = -2 - m. What is the greatest common divisor of x and 2?
2
Suppose 34 = 3*w + 4*t, 2*t + 46 = 3*w - 0*t. Let i be ((-418)/(-6))/(1/(-3)). Let m = -83 - i. What is the greatest common divisor of m and w?
14
Let n(f) = -f**2 - 8*f + 5. Let j be n(-8). Suppose 3*w - j = 52. Let r = w + -12. Calculate the greatest common divisor of r and 63.
7
Let c(m) = m**2 + 28. Let n be c(0). Calculate the highest common factor of 7 and n.
7
Suppose 4*t = -7 + 55. Let b be 2 + (1 - 2) + 11. Calculate the highest common factor of t and b.
12
Suppose 3*v = 2*v + 77. What is the greatest common factor of 11 and v?
11
Let i = -115 + 50. Let g = i - -115. Calculate the greatest common factor of 25 and g.
25
Let t(s) = -s**2 + 3*s + 80. Let g be t(0). What is the greatest common divisor of g and 30?
10
Let u be (-552)/(-20) + 6/(-10). Calculate the highest common divisor of u and 18.
9
Let z(c) = -27*c + 2. Let h be z(-4). Let j = -34 + 78. What is the highest common factor of h and j?
22
Let v be (-5)/15*-1*3. Let n = v - 0. Calculate the greatest common divisor of n and 3.
1
Let s be 6 + -1 + (-1 - 0). Suppose 0 = -4*d, -2*a - 5*d - 2 + 6 = 0. Suppose 4 - 2 = a*o. Calculate the highest common divisor of o and s.
1
Let g(d) = 12*d**2 - 3*d - 5. Let a be g(-2). What is the greatest common factor of a and 7?
7
Let q(o) = -o**2 - 12*o - 31. Let u be q(-7). Calculate the greatest common factor of u and 1.
1
Let v(q) = -3*q - 12. Let t be v(-5). What is the highest common divisor of 12 and t?
3
Let z(q) be the third derivative of -q**4/12 - 11*q**3/6 - q**2. Let y be z(-10). Calculate the highest common divisor of y and 99.
9
Suppose 2*g + 3*g - 45 = 0. Suppose 2*s = 94 + 104. Calculate the greatest common divisor of s and g.
9
Let g = -14 + 20. Suppose 0 = -4*x + 11*x - 28. What is the highest common factor of g and x?
2
Let l(g) = -7*g**2 - g**3 + 0*g**2 - 9 - 10*g - g + 2*g. Let p be l(-7). What is the highest common divisor of 6 and p?
6
Let k(n) = n**3 - 7*n**2 + 2*n. Let h be k(7). Calculate the highest common divisor of 28 and h.
14
Let c be 2/(-3) + (-170)/15. Let r be (12 + -5)*c/(-14). Calculate the greatest common divisor of r and 66.
6
Suppose 6*p - 223 = 47. Calculate the greatest common factor of 30 and p.
15
Let c be (1*-1)/(-1 - 0). Suppose 66 = 10*l - 4. Calculate the greatest common factor of l and c.
1
Let p(d) = -d**2 - 8*d - 7. Let k be p(-6). Let i be (-33 + 26)/((-1)/5). Calculate the greatest common factor of i and k.
5
Let r = 205 - 142. What is the greatest common factor of r and 7?
7
Suppose -3*r - 103 = -3*u - u, -3*r - 5*u - 94 = 0. Let f be 2/11 + (-588)/r. Suppose 0*o = 2*o - 36. What is the highest common divisor of o and f?
18
Let j = 188 - 111. What is the highest common divisor of 11 and j?
11
Suppose 5*g - g - 44 = 0. What is the greatest common divisor of g and 1?
1
Suppose 0 = 2*n + 4*b - 128, -3*n + 177 = b + 2*b. Suppose -n = -y + 1. What is the highest common factor of y and 5?
5
Suppose 4*b - 20 = -0*b. What is the highest common factor of 10 and b?
5
Let x(p) = -5 - p + 1 + 1 - 2. Let a be x(-8). Suppose -r + 24 = -3*q, -3*r + 0*q + 16 = 5*q. Calculate the highest common divisor of r and a.
3
Let y(j) = -2*j + 32. Let q be y(10). Let x = 13 + -5. What is the greatest common factor of q and x?
4
Let o = 85 - 82. What is the highest common divisor of 4 and o?
1
Let y be (-2)/3 - ((-166)/6 + 6). Calculate the greatest common factor of y and 14.
7
Suppose 0 = c - 0*c - 50. Calculate the highest common divisor of c and 20.
10
Let l(o) = o**2 + 5*o - 6. Let d be l(-7). Suppose -d*b - 3*x + 87 = -3*b, 5*x - 31 = -2*b. Let y = 48 - 36. What is the greatest common factor of y and b?
6
Let z = 45 + -28. Calculate the greatest common divisor of z and 68.
17
Let k = -376 + 384. Let v(p) = 4*p**2. Let f be v(-1). What is the greatest common divisor of k and f?
4
Let s be (24/(-10))/(2/(-15)). Calculate the greatest common divisor of 54 and s.
18
Let q be 120*((-32)/(-12))/4. Calculate the highest common factor of q and 10.
10
Suppose -39*z = -38*z - 32. Calculate the greatest common factor of z and 64.
32
Let p(r) = -3*r**3 + 4*r**2 - 4*r + 5. Let j(x) = -x**3 + x**2 + 1. Let u(w) = -4*j(w) + p(w). Let a be u(4). Calculate the highest common factor of a and 7.
7
Let z be ((-7)/(-2) + 0)*2. Let l be (-6)/(-21) + 5/z. Let i be (4/(-6))/(11/(-66)). What is the highest common divisor of l and i?
1
Let r = 28 + -9. What is the highest common factor of 152 and r?
19
Suppose 5 = i + u, -5 = -2*i + 4*u + 23. Suppose 4*c - 340 = -3*p, 3*c = -2*p - 0*c + 227. Suppose 5*w = 8 + p. What is the highest common factor of w and i?
8
Let p = 21 + -21. Suppose p = -0*d + 3*d - 108. Calculate the highest common factor of 24 and d.
12
Let k = 69 + -46. Let q = -15 + k. Calculate the greatest common divisor of q an